{"id":96,"date":"2021-05-20T14:27:14","date_gmt":"2021-05-20T18:27:14","guid":{"rendered":"https:\/\/www.sesc-am.com.br\/cucasescfestival\/?page_id=96"},"modified":"2021-05-20T14:27:15","modified_gmt":"2021-05-20T18:27:15","slug":"sobre","status":"publish","type":"page","link":"https:\/\/www.sesc-am.com.br\/cucasescfestival\/sobre\/","title":{"rendered":"Sobre"},"content":{"rendered":"\n<p>Cuca significa no dito popular: Aquele que \u00e9 bom da cabe\u00e7a, ou de criatividade. Tamb\u00e9m resgata o famoso mito do folclore nortista, a lenda da Cuca, a qual possui o poder de se transformar e atrair. E ainda arrasta aquele gostinho de comida boa com os famosos Mestres Cuca..<br>Desta forma, o CUCA Sesc Festival, traz criatividade, atrai a aten\u00e7\u00e3o com suas inova\u00e7\u00f5es, traz divers\u00e3o, conhecimento e muita cultura.<\/p>\n","protected":false},"excerpt":{"rendered":"<p>Cuca significa no dito popular: Aquele que \u00e9 bom da cabe\u00e7a, ou de criatividade. Tamb\u00e9m resgata o famoso mito do folclore nortista, a lenda da Cuca,<span class=\"excerpt-hellip\"> [\u2026]<\/span><\/p>\n","protected":false},"author":1,"featured_media":0,"parent":0,"menu_order":0,"comment_status":"closed","ping_status":"closed","template":"","meta":[],"_links":{"self":[{"href":"https:\/\/www.sesc-am.com.br\/cucasescfestival\/wp-json\/wp\/v2\/pages\/96"}],"collection":[{"href":"https:\/\/www.sesc-am.com.br\/cucasescfestival\/wp-json\/wp\/v2\/pages"}],"about":[{"href":"https:\/\/www.sesc-am.com.br\/cucasescfestival\/wp-json\/wp\/v2\/types\/page"}],"author":[{"embeddable":true,"href":"https:\/\/www.sesc-am.com.br\/cucasescfestival\/wp-json\/wp\/v2\/users\/1"}],"replies":[{"embeddable":true,"href":"https:\/\/www.sesc-am.com.br\/cucasescfestival\/wp-json\/wp\/v2\/comments?post=96"}],"version-history":[{"count":1,"href":"https:\/\/www.sesc-am.com.br\/cucasescfestival\/wp-json\/wp\/v2\/pages\/96\/revisions"}],"predecessor-version":[{"id":97,"href":"https:\/\/www.sesc-am.com.br\/cucasescfestival\/wp-json\/wp\/v2\/pages\/96\/revisions\/97"}],"wp:attachment":[{"href":"https:\/\/www.sesc-am.com.br\/cucasescfestival\/wp-json\/wp\/v2\/media?parent=96"}],"curies":[{"name":"wp","href":"https:\/\/api.w.org\/{rel}","templated":true}]}}